 11
Let m = -13 + 15. Let d(a) = -14 + 8*a + m*a - 17. What are the prime factors of d(11)?
79
Let y(w) be the third derivative of w**6/120 - w**5/20 - w**4/24 + 5*w**3/3 - w**2. Let z be 20/(-5)*1 - (-5 + -3). What are the prime factors of y(z)?
2, 11
Let w = 51011 + -23194. List the prime factors of w.
27817
Let c = 252 + -224. List the prime factors of (c/(-35))/((-4)/3590).
2, 359
Suppose -9181 = 6*r - 10*r + 5*q, 2*q = 5*r - 11455. Let y = -1132 + r. What are the prime factors of y?
13, 89
Let k(b) = 66*b**2 - 2*b + 1. Let s be k(1). Suppose 2*a - 5*r - 194 = 0, -r + 502 = 5*a - 5*r. Let l = a - s. What are the prime factors of l?
37
List the prime factors of 540/(-18)*2706/(-18).
2, 5, 11, 41
Let p(u) = -3*u**2 - 12*u + 23. Let q be p(5). Let w = -79 - q. Let i = w + -27. List the prime factors of i.
2, 3
Suppose z = 55 + 432. What are the prime factors of z?
487
Suppose -73*d = -74*d + 14. Let r = 14 - d. Suppose 3*m - 11*m + 128 = r. What are the prime factors of m?
2
Let u(s) be the second derivative of s**4/12 + 3*s**3/2 + 11*s**2/2 - s - 495. Suppose v + 4*i = 12, 0 = -4*v + i + i - 42. List the prime factors of u(v).
3
Let t(k) = 9*k**2 - 6*k + 77. Let m be t(26). Suppose 2*a = -5*b + m, 3*b - 5*a - 1505 = 2129. Suppose 8*h - b - 613 = 0. What are the prime factors of h?
227
Let o(b) = -109*b - 1554. List the prime factors of o(-48).
2, 3, 613
Suppose 2*q + 12*w - 99359 = 5127, 0 = 5*q + 3*w - 261323. List the prime factors of q.
52267
Let d(n) = -n**3 - 21*n**2 + 17*n - 10. Let q be d(-22). Let w = -90 + q. Suppose -w - 110 = -5*x. List the prime factors of x.
2, 3
Suppose -28*w + 21408 + 14727 = -37477. What are the prime factors of w?
11, 239
Suppose -s + 4*h + 11 = 2*h, 0 = -2*s - 3*h + 8. Suppose s + 3 = -5*w. List the prime factors of (564/(-18))/(w/3).
47
Suppose -7*l + l - 30 = 0. List the prime factors of 21 - (4 + -11 - l).
23
Let m(b) = 5*b**2 + 326*b + 45. What are the prime factors of m(20)?
3, 5, 571
Let m(r) = -r**3 + 8*r**2 + 2*r + 8. Let z be 310/60 - (-2)/(-12). Let x be m(z). List the prime factors of x/3 + 1 + -2.
2, 3, 5
Suppose -8183 - 21257 = -16*p. Let n = p + -1239. What are the prime factors of n?
601
Let l(s) = -62*s + 316. Let b be l(-9). Suppose -2*x + 68 = -b. List the prime factors of x.
3, 157
What are the prime factors of 1961/((-1)/(-13)*(-611)/(-94))?
2, 37, 53
Let j(w) be the first derivative of -2*w**3/3 - 8*w**2 - 14*w - 5. Let i be j(-8). Let c(b) = b**2 + 10*b + 35. List the prime factors of c(i).
7, 13
What are the prime factors of 7292 - (13/1 + -17)?
2, 3, 19
Let t be (0 + -2)/((-44)/(-4950)). Suppose -16 = 2*r + 2*r, -2*r + 316 = j. Let l = j + t. List the prime factors of l.
3, 11
Suppose 16062 = 3*s - 7*c + 4*c, 0 = 2*s - 3*c - 10707. List the prime factors of s.
3, 5, 7, 17
Suppose -8 = 4*f, 75 = l + 2*f - 10. Let a(c) = 3*c - 29. Let p be a(29). Let y = l - p. List the prime factors of y.
31
Let u(m) = -m**3 - 6*m**2 - m + 2. Let f be u(-6). Let o(v) = f*v**3 - 10*v - 20*v**3 + 2 + 13*v**3 + 10*v**2. What are the prime factors of o(-8)?
2, 3, 5, 7
Suppose 0 = -r + 3*f + 1731, 2*r - 5*f - 662 - 2794 = 0. What are the prime factors of r?
3, 571
Let q(m) = m**2 + 15*m + 58. Let z be q(-7). Let u(h) = h**3 + h + 5. Let o be u(0). Suppose 3*v - 966 = -v - z*k, o*v = k + 1190. List the prime factors of v.
239
Suppose -5*g + 80 = -0*g. Suppose g*d = 2*d + 70. Suppose 2*h - 27 = -i, -d*i - 2*h + 120 = 3*h. What are the prime factors of i?
3, 7
Let h(b) be the third derivative of 17*b**5/60 + b**4/24 + 2*b**3/3 - b**2 + 31. List the prime factors of h(5).
2, 7, 31
Suppose -22*q - 75*q + 506534 = 0. List the prime factors of q.
2, 7, 373
Let m = -317 - -320. List the prime factors of ((-5259)/(-7) - 4/14) + m.
2, 13, 29
Let u = -89 - -70. Let h(r) = -r**2 - 17*r - 16. Let c be h(u). List the prime factors of 1/3 + (-36)/c - -171.
2, 43
List the prime factors of 5 - (-8 + (-5 + -8247 - 8)).
8273
Let t(r) = r**3 + 17*r**2 + 48*r - 45. Let z be t(-13). Let i(p) = p**3 + 9*p**2 - 27*p + 233. What are the prime factors of i(z)?
2, 3, 23
Let f = 32729 + -16120. List the prime factors of f.
17, 977
Let w = 98 - 82. Suppose 759 = w*c - 13*c. List the prime factors of c.
11, 23
Let v = -24448 - -36130. What are the prime factors of v?
2, 3, 11, 59
Let u = 1557 + -613. Suppose -x = u + 175. What are the prime factors of x/(-12) - (-1)/(-4)?
3, 31
Suppose 4*p - 12 = 2*y + 2*p, -5*y - 10 = 5*p. What are the prime factors of 87 - -7*y/14?
5, 17
Let h(l) = 2*l - 23. Let x be h(12). List the prime factors of ((-2)/x)/((-1)/(-235)*-1).
2, 5, 47
Let n(a) be the first derivative of 11*a**2/2 + 5*a - 1. Let w = -461 - -464. What are the prime factors of n(w)?
2, 19
Let f(r) be the first derivative of -3*r**2 + 452*r + 266. List the prime factors of f(0).
2, 113
Let t = -3430 + 3868. List the prime factors of t.
2, 3, 73
Let z(x) = 10 + 4*x**2 + 6*x - 18*x - 5 - 11. List the prime factors of z(-3).
2, 3, 11
Let c(o) = -84*o - 6*o**2 + 27 - 83*o + 177*o. Let d(a) = -5*a**2 + 9*a + 28. Let i(y) = -6*c(y) + 7*d(y). What are the prime factors of i(-13)?
2, 41
Let r be ((-1)/5*0)/3. Suppose -11*t + 260 = -5*d - 6*t, -3*d + t - 160 = r. Let z = 98 + d. What are the prime factors of z?
2, 11
Suppose s - 4*v - 34 = 0, -2*v = -3*s - 7*v + 68. Suppose -4*f + 2*d + s = 0, 4*f + d - 4*d = 27. List the prime factors of 2592/20 - f/10.
3, 43
Suppose 140 = -2*s - 2*x - 414, -s - 2*x = 272. Let d = -218 - s. What are the prime factors of d?
2
Suppose 15*o = -5*o + 400. Suppose -2841 = -o*u + 1099. List the prime factors of u.
197
Suppose -4*p + 4*n = 160, p = -n - 4*n - 64. Let j = 37 - p. Let k = 129 - j. What are the prime factors of k?
2, 3
Let z(o) = o**3 + 15*o**2 - 22*o - 11. Let d be (-8)/6*-2*-6. What are the prime factors of z(d)?
5, 17
Suppose -4*u = -2*u - 4. Suppose 5*m + 0*n - 20 = -2*n, 0 = -5*m + u*n + 40. Suppose m*q - 315 = q. List the prime factors of q.
3, 7
Suppose 27 + 54 = 27*g. Suppose -2263 = -2*y - 5*i, -5*y + 342 = -g*i - 5238. What are the prime factors of y?
3, 373
Let g = 8630 - 13. What are the prime factors of g?
7, 1231
Let x = 5958 - 1922. Suppose x = 15*n - 584. Suppose 0 = -f - 6*f + n. What are the prime factors of f?
2, 11
Let c = 145 + -91. Suppose c + 72 = 2*j. Suppose -j = -a + 35. What are the prime factors of a?
2, 7
Let b be 20/(5/2*28/35). Suppose 0 = 2*n + 4, 0 = 3*g - 0*g + n - b. What are the prime factors of 6*(-2)/(g/(-2))?
2, 3
List the prime factors of -1 - 613/(6*(-1)/204).
3, 6947
Let p be (-69)/21 - -3 - 300/(-70). Suppose 0 = -p*q + 153 + 175. List the prime factors of q.
2, 41
What are the prime factors of -6 + 0 + (18326 - (-6 + 18))?
2, 23, 199
Suppose 5*o - 105*b + 100*b = 217720, -b = -9*o + 391848. What are the prime factors of o?
2, 11, 1979
Let o(i) be the first derivative of 11*i**4/12 + i**3/2 - 5*i**2/2 + 18*i + 5. Let g(m) be the first derivative of o(m). What are the prime factors of g(-3)?
5, 17
Suppose 0 = 4*m + 16, 4*q = 8*q - 2*m + 96. Let w be (-16)/(-12)*(51 - 0). Let b = q + w. List the prime factors of b.
2, 3, 7
Let t be -4*2/(-52) + 9254/182. Let o = 303 + -16. Suppose -2*d + t + o = 0. List the prime factors of d.
13
Let j = 11093 - -1179. List the prime factors of j.
2, 13, 59
Let a(f) be the third derivative of -f**5/30 + f**4/24 + 68*f**3/3 - 16*f**2. Let v be a(0). Let k = v - 95. What are the prime factors of k?
41
Let l be (-2)/(-2) + 11/(22/(-14)). List the prime factors of 10/(-15)*(-1569 - l).
2, 521
Suppose 9*f - 54091 = -10342. What are the prime factors of f?
4861
Suppose 11 = t + 12. List the prime factors of 8/(-8) - t/1 - -81.
3
Suppose -l + 161 = l - 5*p, -315 = -4*l + 3*p. List the prime factors of (2665/l)/((-1)/(-6)).
5, 41
Let x = 82 + -78. Suppose 3*k - 266 = -x*r, -3*k - 2*r + 180 = -k. List the prime factors of k.
2, 47
Suppose -29*m = 26*m - 54*m. Suppose -5*g - 2*s + 3092 = m, g + 2*s - 29 = 583. What are the prime factors of g?
2, 5, 31
Let o = 1654 + -848. What are the prime factors of o?
2, 13, 31
Let l(m) = -m + 3. Let k be l(-1). Suppose 4*p - 2*r - 2996 = 0, -p - 5*r = -k*r - 743. Suppose 0 = -5*t + p - 267. What are the prime factors of t?
2, 3
Suppose 2*g = -6, 3*g = 3*b - 15 + 6. Suppose b = -18*y + 3*y + 5280. Li